 -4*z + h*p. Calculate the highest common divisor of z and 722.
38
Let f(p) = -6*p + 270. Let t be f(-44). Let w = t - 515. Suppose -94 = -c + 77. Calculate the highest common factor of c and w.
19
Let v be 470*1 - (-13)/13. Let n be 90/(-60) + (v/2 - 0). What is the highest common divisor of 36 and n?
18
Let d = 882 + -880. Let v be 578/d - (-171)/(-19). Calculate the highest common divisor of v and 120.
40
Let y = 8448 + -2600. What is the highest common factor of 136 and y?
136
Suppose 5212 + 738 = -50*g. Let u = g - -137. Calculate the highest common factor of u and 108.
18
Let y = -16360 + 17689. Calculate the greatest common factor of 9 and y.
3
Let f = 86 - 84. Suppose -180 = -3*o - 6. Calculate the highest common divisor of o and f.
2
Let b = -15355 - -15891. What is the highest common factor of b and 5494?
134
Suppose 0 = 19*t - 73*t + 61938. What is the greatest common divisor of t and 111?
37
Let j be 2/(-7) + 7657/217. Let r(q) = -8 + 5*q - 9*q - 21*q - 2. Let b be r(-6). What is the highest common divisor of j and b?
35
Suppose -807 = -3*c + 5*m, -758 = -5*c - m + 531. What is the greatest common factor of 28 and c?
7
Let a = 5000 - 4923. Calculate the highest common divisor of 56 and a.
7
Let i = -1355 - -1791. What is the greatest common factor of 327 and i?
109
Let h be 71/((-284)/(-8)) + (0 - (-6910 + 0)). What is the greatest common factor of 160 and h?
32
Let p(z) = z**3 - 22*z**2 + 84*z + 33. Let l be p(17). Let v be (2 + (-72)/15)*-15. Suppose -v - l = -2*y. What is the greatest common factor of 203 and y?
29
Let v be (-8)/(-5*(-2)/(-130)). Let i = -91 + v. What is the greatest common factor of 403 and i?
13
Let r be 9/(-27) + (-22)/(-3). Suppose -1673 - 4412 = -218*g + 19. Calculate the highest common divisor of g and r.
7
Let d = -890 - -955. Calculate the highest common divisor of d and 3965.
65
Suppose -14092 = -5*y - 2*p, 4*y + 5*p - 1868 = 9426. Calculate the highest common factor of y and 16.
16
Let a(u) = -u**3 + 6*u**2 + 2*u - 43. Suppose 7*k = 5*k + 10. Let t be a(k). Let j be (22/(-3))/(-3*t/(-144)). Calculate the highest common divisor of 55 and j.
11
Suppose -2*u = -3*u. Suppose 2*b + 1 - 57 = u. Suppose 7*w = 9*w - b. Calculate the highest common factor of 14 and w.
14
Suppose 0 = -44*f + 1344 + 240. What is the highest common factor of f and 144?
36
Let c be (18 + -20)/((-2)/7). Let w = -42 + 71. Let v(a) = a**2 - 25*a - 60. Let d be v(w). Calculate the highest common factor of d and c.
7
Let u(m) = 73*m + 1746. Let g be u(48). Calculate the greatest common divisor of g and 56.
14
Let r be (-3 + 3 + 1)/1. Let j be (16 + -7)*(2 - r). Calculate the highest common divisor of 12 and j.
3
Suppose 0 = 5*f - 2*q - 8271, -f = -6*f - q + 8277. Suppose -j + 2623 = 4*z + 398, -2*j - f = -3*z. Calculate the highest common divisor of z and 15.
15
Let w(y) = 5*y**3 - y + 2. Let c be w(2). Let h = 610 - 554. Suppose -d + c = -h. Calculate the greatest common factor of d and 32.
32
Let o(p) = 6*p**3 - 4*p**2 - 118*p + 949. Let h be o(11). What is the greatest common factor of h and 23?
23
Let l(t) = -t**3 + 21*t**2 - 2. Let h be l(21). Let w be 5 - 8*(h - (-10)/4). Let k be 13/(3/45*w). What is the greatest common factor of k and 39?
39
Let d(r) = -r**3 - 64*r**2 - 450*r - 22. Let p be d(-56). What is the highest common divisor of p and 7110?
90
Let l = 1996 + -888. Suppose 3828 = 8*t + l. What is the greatest common divisor of 136 and t?
68
Suppose 120*a - 306 = 111*a. Suppose -a - 38 = -6*u. Calculate the highest common divisor of 192 and u.
12
Let h = -15642 + 16118. What is the highest common factor of 91 and h?
7
Let r = 22299 + -17052. What is the greatest common divisor of 396 and r?
99
Let n(k) = 2*k + 12*k**2 - 3*k - 2 + 3*k. Let z be n(4). Suppose 0 = -13*y + 23*y - 72*y + 1116. Calculate the highest common divisor of y and z.
18
Let i be 4*(-4 - 60/(-5)). Suppose 2*w + 224 = 9*w. Calculate the greatest common factor of w and i.
32
Let x be ((-5)/(3 - -2))/(3/(-141)). Suppose -46*j = -x*j + 8. Suppose -j*u + 1026 + 414 = 0. What is the greatest common divisor of u and 20?
20
Suppose -2389 = -95*b + 746. What is the highest common factor of b and 855?
3
Suppose -5*n + 3397 = 2*q, 4*n + 683 + 2777 = 2*q. What is the highest common divisor of q and 312?
156
Let b = 14342 + -14126. Calculate the highest common divisor of 3294 and b.
54
Let z be (-5)/((-50)/(-152))*10/(-4). Suppose 7*k - z = 452. Let p = -57 + k. What is the greatest common factor of p and 104?
13
Let h be 6830/16 + (-6)/(-48). Let u be h/13 + (-4)/(-26). Let g be (-168)/(-15) + (-2)/10. What is the highest common divisor of u and g?
11
Let l(c) = 2*c**2 - 28*c + 2. Let g(p) = 5*p**2 - 57*p + 3. Let z(d) = -6*g(d) + 14*l(d). Let y be z(-25). Calculate the highest common factor of y and 130.
10
Suppose 11*w = 9*w + 2. Let z(u) = -u**2 - 14*u - 4. Let h be z(-5). What is the greatest common factor of w and h?
1
Let g(p) = -4*p**3 + 7*p**2 + 18*p + 109. Let x be g(-4). What is the greatest common divisor of 54 and x?
27
Suppose -b + 8 = 3*b. Suppose -2*y - 5 = 4*d - 13, 3*y = -4*d + 10. Let t be y/4*(-80)/(-10). Calculate the highest common divisor of b and t.
2
Let v be ((-8)/16)/((-1)/4). Suppose 5*a + 40 = 5*k, v*k + 4*a = -2 + 24. What is the greatest common divisor of 9 and k?
9
Suppose 32*n - 596 - 364 = 0. Suppose -180 = -3*f - 0*f. Calculate the greatest common factor of f and n.
30
Let w be 2190/22 - 30/55. What is the greatest common divisor of w and 1056?
33
Suppose 5*p = 5334 - 2034. Let z be (-132)/42*490/(-35). Calculate the greatest common factor of p and z.
44
Suppose -4*j + 77 = 1. Let b(c) = c**2 - 17*c - 38. Let f be b(j). Let i be -3 + 4 - (-79 - (f - 3)). Calculate the greatest common factor of 11 and i.
11
Let h = -692 + 299. Let o = h + 433. Calculate the greatest common factor of 60 and o.
20
Suppose 2 = 3*s - 2*f, 5*s + 2*f - 11 - 3 = 0. Let w be (164 - s)*(-7)/(105/(-80)). Calculate the greatest common factor of w and 96.
96
Let f(r) be the first derivative of -r**3/3 + 9*r**2/2 - 13*r + 29. Let w be f(7). Let s be (1/(-2))/((-2)/24). Calculate the highest common factor of s and w.
1
Suppose 4*p - 2 = 3*p, -4*l + 4970 = 3*p. What is the highest common factor of 17 and l?
17
Suppose -4*p = 6*i - i - 31, -3*i + 5 = -p. Let n be 29*(p - -1)/5. Let z = n + 23. What is the highest common factor of 4 and z?
4
Suppose 8*r - 18*r + 11794 = 3*a, -4*r = -3*a - 4726. What is the greatest common factor of 100 and r?
20
Suppose 4*u = c - 435, 5*u - 2*u = 3*c - 1305. Let g be (56/(-22) - -2) + c/11. What is the highest common factor of g and 3?
3
Suppose 0 = -0*q - 2*q + 200. Suppose -18*m + 42 + 47 = -91. What is the highest common divisor of q and m?
10
Let a = 49 + -45. Suppose 4*r + a = 68. What is the greatest common divisor of r and 1?
1
Suppose -17*s + 3*s + 1019 + 1276 = 71*s. Let t be 1*2*(-9)/(-2). What is the greatest common factor of s and t?
9
Let q be (2262/104 - 24)/(1/(-4 - 0)). Suppose -2*f = -808 + 70. Calculate the greatest common divisor of f and q.
9
Suppose v = 5*q - 2054, q = -12*v + 9*v + 414. Calculate the highest common divisor of 685 and q.
137
Let y = -216 - -220. Suppose -5*x - 10*k + 9*k + 678 = 0, x - 147 = -y*k. What is the highest common factor of x and 54?
27
Let n = 218 + -188. Let j(d) = d**3 + 13*d**2 + 8*d. Let u be j(-12). What is the greatest common factor of u and n?
6
Suppose -5 = l - 2*t, -12 = 4*l + t - 37. Suppose -l*y = 3*i - 276, -y - 2*y + 168 = i. What is the highest common divisor of y and 57?
57
Let f be (-1200)/8*(4032/(-20))/8. Calculate the greatest common divisor of 140 and f.
140
Let a = -711 - -355. Let s = -313 - a. What is the greatest common divisor of s and 172?
43
Suppose 5*z = 0, r = 5*r + 2*z + 784. Let q = 201 + r. Calculate the highest common divisor of 2 and q.
1
Suppose -t = 1, 9*t - 27*t + 199 = c. Calculate the highest common divisor of 371 and c.
7
Suppose c - 315 = 3448. Calculate the highest common factor of c and 71.
71
Suppose -2*l = -95 - 247. Calculate the greatest common factor of l and 418.
19
Suppose 0 = 3*j - 3178 + 883. Suppose 148*c - j = 145*c. What is the highest common factor of 102 and c?
51
Let s be -8*(-164)/(-123)*21/(-2). Suppose -9 - 1 = -5*t. Supp